{"id":430,"date":"2025-01-28T09:27:00","date_gmt":"2025-01-28T09:27:00","guid":{"rendered":"https:\/\/www.adisco.org\/adis\/?page_id=430"},"modified":"2025-01-28T09:27:01","modified_gmt":"2025-01-28T09:27:01","slug":"charte-ecosol","status":"publish","type":"page","link":"https:\/\/www.adisco.org\/adis\/charte-ecosol\/","title":{"rendered":"Charte ECOSOL"},"content":{"rendered":"\n<h2 class=\"wp-block-heading\">CHARTE DES ORGANISATIONS BURUNDAISES ENGAGEES DANS L\u2019ECONOMIE SOCIALE ET SOLIDAIRE<\/h2>\n\n\n\n<p>Nous, organisations paysannes, syndicales, mutuellistes, professionnelles et d\u2019appuis engag\u00e9s dans la<br>promotion de l\u2019\u00e9conomie sociale et solidaire au Burundi,<br>\uf0fc Fortement pr\u00e9occup\u00e9es par la pauvret\u00e9 croissante des populations burundaises ;<br>\uf0fc Confront\u00e9es aux \u00e9carts \u00e9normes qui ne cessent de se creuser entre les riches qui<br>s\u2019enrichissent sans cesse et les pauvres qui se paup\u00e9risent davantage;<br>\uf0fc Confront\u00e9es \u00e0 la mont\u00e9e des politiques n\u00e9olib\u00e9rales ouvertes ou d\u00e9guis\u00e9es promues \u00e0 la fois<br>par certains Gouvernements et certains bailleurs de fonds internationaux en faveur des<br>populations plus ais\u00e9es \u00e0 l\u2019instar des politiques d\u2019appui aux fili\u00e8res agricoles commerciales,<br>aux seuls entrepreneurs ruraux, aux limites aux droits syndicaux et \u00e0 la manipulation des<br>organisations paysannes d\u2019une part ;<br>\uf0fc Confront\u00e9es d\u2019autre part \u00e0 de nombreuses politiques de gratuit\u00e9 qui cr\u00e9ent une grave<br>d\u00e9pendance du pays et des citoyens face \u00e0 l\u2019aide et qui d\u00e9veloppent chez eux un esprit<br>croissant de mendicit\u00e9 en lieu et place du culte de l\u2019effort et de l\u2019autopromotion ;<br>\uf0fc Etant donn\u00e9 que certaines organisations peuvent se d\u00e9clarer d\u2019\u00e9conomie sociale et solidaire<br>sans en conna\u00eetre les principes, les valeurs et les pratiques et m\u00eame en ternissent l\u2019image ;<br>\uf0fc S\u2019inspirant des principes universels de l\u2019\u00e9conomie sociale et solidaire ;<br>Convenons de ce qui suit:<br><\/p>\n\n\n\n<p>Article 1. L\u2019\u00e9conomie sociale et solidaire se d\u00e9finit de la mani\u00e8re ci-apr\u00e8s :<br>L\u2019\u00e9conomie sociale et solidaire (ECOSOL) est un mod\u00e8le \u00e9conomique fond\u00e9 sur la solidarit\u00e9 et la mise<br>en commun des moyens pour g\u00e9n\u00e9rer des biens, des services et des avantages qui sont partag\u00e9s en<br>fonction des transactions de chacun en vue de l\u2019am\u00e9lioration du bien-\u00eatre social des membres et de<br>la communaut\u00e9. Elle est \u00e9galement fond\u00e9e sur des valeurs humaines et une organisation<br>d\u00e9mocratique qui d\u00e9fend les int\u00e9r\u00eats individuels et collectifs et permet ainsi la construction d\u2019un<br>mouvement social.<br><\/p>\n\n\n\n<p>Article 2. L\u2019\u00e9conomie sociale et solidaire repr\u00e9sente le meilleur mod\u00e8le \u00e9conomique et social qui<br>permet d\u2019assurer \u00e0 notre pays un d\u00e9veloppement \u00e9conomique, social, humain, \u00e9quitable et p\u00e9renne<br>et la pr\u00e9sente charte qui r\u00e9git \u00e0 la fois nos organisations et nos interventions.<br>Article 3. Les principes ci-dessous r\u00e9gissent l\u2019\u00e9conomie sociale et solidaire dans nos organisations:<\/p>\n\n\n\n<ol class=\"wp-block-list\">\n<li>la cr\u00e9ation de la plus-value ;<\/li>\n\n\n\n<li>la solidarit\u00e9 ;<\/li>\n\n\n\n<li>la mise en r\u00e9seaux et le d\u00e9veloppement d\u2019un mouvement social ;<\/li>\n\n\n\n<li>la d\u00e9mocratie ;<\/li>\n\n\n\n<li>l\u2019autonomie.<br>Article 4. La cr\u00e9ation de la plus-value est caract\u00e9ris\u00e9e par le d\u00e9veloppement des actions qui<br>int\u00e8grent \u00e0 la fois les dimensions \u00e9conomique et sociale et une reconnaissance de la primaut\u00e9 du<br>travail et des services rendus dans l\u2019affectation \u00e9quitable des revenus qui garantissent aux membres<br>et aux employ\u00e9s une vie digne .<br>Par cons\u00e9quent, nous encourageons le renforcement des bonnes pratiques suivantes :<br>\uf0fc la promotion du travail d\u00e9cent ;<br>\uf0fc la participation dans la constitution du capital ;<br>\uf0fc la r\u00e9alisation des \u00e9conomies d\u2019\u00e9chelle ;<br>\uf0fc l\u2019utilisation de techniques et technologies innovantes ;<br>\uf0fc la r\u00e9partition \u00e9quitable des avantages, des risques et des \u00e9checs ;<br>\uf0fc gestion rationnelle des ressources.<br>Par contre, nous d\u00e9courageons:<br>\uf0fc toute forme de malversation et de corruption ;<br>\uf0fc la primaut\u00e9 des profits sur le service aux membres ;<br>\uf0fc la d\u00e9gradation de l\u2019environnement.<br>Article 5. La solidarit\u00e9 se caract\u00e9rise par la participation effective, l\u2019entraide et la mutualisation des<br>savoirs, des services, des moyens, des risques et des \u00e9checs dans l\u2019int\u00e9r\u00eat des membres et de la<br>communaut\u00e9.<br>Pour cela, nous encourageons les bonnes pratiques suivantes :<br>\uf0fc la structuration des mouvements de la base au sommet ;<br>\uf0fc la mutualisation des services ;<br>\uf0fc l\u2019am\u00e9lioration du bien-\u00eatre social ;<br>\uf0fc la pr\u00e9occupation de l\u2019ensemble de la communaut\u00e9 ;<br>\uf0fc la centralit\u00e9 de l\u2019humain et des valeurs humaines.<br>Par contre, nous d\u00e9courageons :<br>\uf0fc la concurrence f\u00e9roce et le cloisonnement ;<br>\uf0fc l\u2019Individualisme et l\u2019esprit de domination ;<br>\uf0fc la n\u00e9gligence de l\u2019aspect social et le mauvais usage des biens communs ;<br>\uf0fc les rivalit\u00e9s et l\u2019instrumentalisation.<br>Article 6. La mise en r\u00e9seaux et en synergie vise le d\u00e9veloppement d\u2019un mouvement social capable<br>de conduire des actions de plaidoyer pour le changement social.<br>De ce fait, nous encourageons les bonnes pratiques ci-apr\u00e8s :<br>\uf0fc la promotion de la justice sociale ;<br>\uf0fc le d\u00e9veloppement des filets sociaux pour les n\u00e9cessiteux ;<br>\uf0fc la d\u00e9fense des causes justes.<br>Et nous d\u00e9courageons les pratiques suivantes :<br>\uf0fc le n\u00e9potisme et le trafic d\u2019influence ;<br>\uf0fc la discrimination sous toutes ses formes ;<br>\uf0fc l\u2019intimidation sous toutes ses formes.<br>Article 7. La d\u00e9mocratie dans nos organisations est caract\u00e9ris\u00e9e par l\u2019administration par les instances<br>\u00e9lues d\u00e9mocratiquement avec des mandats limit\u00e9s et qui fonctionnent dans le respect de l\u2019\u00e9thique,<br>des lois en vigueur dans le pays et des textes qui les r\u00e9gissent et int\u00e8grent des m\u00e9canismes<br>permettant de lutter contre la corruption et les malversations.<br>Ainsi, nous encourageons les bonnes pratiques ci-apr\u00e8s:<br>\uf0fc la gestion participative;<br>\uf0fc le respect des lois et des textes r\u00e9glementaires ;<br>\uf0fc la gestion saine et transparente.<br>A contrario, nous d\u00e9courageons les mauvaises pratiques ci-apr\u00e8s :<br>\uf0fc l\u2019abus de pouvoir ;<br>\uf0fc l\u2019engagement mitig\u00e9.<br>Article 8. L\u2019autonomie signifie qu\u2019une initiative d\u2019\u00e9conomie sociale et solidaire compte<br>prioritairement sur ses propres forces et moyens \u00e0 travers les contributions des membres, la<br>diversification des ressources et la constitution d\u2019un fonds de r\u00e9serve cons\u00e9quent, tout en instaurant<br>une gestion rationnelle et professionnelle. Elle porte aussi sur l\u2019ind\u00e9pendance vis-\u00e0-vis des courants<br>politiques et religieux ainsi que la capacit\u00e9 \u00e0 g\u00e9rer soi-m\u00eame tous les aspects de son organisation.<br>Ce faisant, nous encourageons les bonnes pratiques ci-apr\u00e8s :<br>\uf0fc la gestion libre et ind\u00e9pendante ;<br>\uf0fc la neutralit\u00e9 politique ;<br>\uf0fc la la\u00efcit\u00e9 ;<br>\uf0fc le renforcement des capacit\u00e9s \u00e0 diff\u00e9rents niveaux ;<br>\uf0fc le recrutement du personnel comp\u00e9tent.<br>Et nous d\u00e9courageons les mauvaises pratiques suivantes :<br>\uf0fc la subordination \u00e0 un courant politique, id\u00e9ologique ou religieux ;<br>\uf0fc inexistence de fonds propres ;<br>\uf0fc le recrutement d\u2019un personnel incomp\u00e9tent ;<br>\uf0fc le laxisme dans la gestion des ressources.<br>Article 9. La pr\u00e9sente charte est adopt\u00e9e par les organisations initiatrices qui s\u2019engagent \u00e0 en faire<br>une r\u00e9f\u00e9rence dans leur mode de fonctionnement et en assurer la promotion, la mobilisation et<br>l\u2019adh\u00e9sion aupr\u00e8s d\u2019autres organisations.<br>Article 10 : L\u2019adh\u00e9sion \u00e0 la pr\u00e9sente charte est ouverte \u00e0 toute organisation qui s\u2019engage d\u2019en<br>respecter les dispositions.<br>Article 11 : La pr\u00e9sente charte peut \u00eatre r\u00e9vis\u00e9e sur d\u00e9cision des 3\/4 des organisations adh\u00e9rentes \u00e0<br>la Charte<\/li>\n<\/ol>\n","protected":false},"excerpt":{"rendered":"<p>CHARTE DES ORGANISATIONS BURUNDAISES ENGAGEES DANS L\u2019ECONOMIE SOCIALE ET SOLIDAIRE Nous, organisations paysannes, syndicales, mutuellistes, professionnelles et d\u2019appuis engag\u00e9s dans[&#8230;]<\/p>\n","protected":false},"author":1,"featured_media":0,"parent":0,"menu_order":0,"comment_status":"closed","ping_status":"closed","template":"","meta":{"footnotes":""},"class_list":["post-430","page","type-page","status-publish","hentry"],"_links":{"self":[{"href":"https:\/\/www.adisco.org\/adis\/wp-json\/wp\/v2\/pages\/430","targetHints":{"allow":["GET"]}}],"collection":[{"href":"https:\/\/www.adisco.org\/adis\/wp-json\/wp\/v2\/pages"}],"about":[{"href":"https:\/\/www.adisco.org\/adis\/wp-json\/wp\/v2\/types\/page"}],"author":[{"embeddable":true,"href":"https:\/\/www.adisco.org\/adis\/wp-json\/wp\/v2\/users\/1"}],"replies":[{"embeddable":true,"href":"https:\/\/www.adisco.org\/adis\/wp-json\/wp\/v2\/comments?post=430"}],"version-history":[{"count":1,"href":"https:\/\/www.adisco.org\/adis\/wp-json\/wp\/v2\/pages\/430\/revisions"}],"predecessor-version":[{"id":431,"href":"https:\/\/www.adisco.org\/adis\/wp-json\/wp\/v2\/pages\/430\/revisions\/431"}],"wp:attachment":[{"href":"https:\/\/www.adisco.org\/adis\/wp-json\/wp\/v2\/media?parent=430"}],"curies":[{"name":"wp","href":"https:\/\/api.w.org\/{rel}","templated":true}]}}

<h2 class="wp-block-heading">CHARTE DES ORGANISATIONS BURUNDAISES ENGAGEES DANS L’ECONOMIE SOCIALE ET SOLIDAIRE</h2>



<p>Nous, organisations paysannes, syndicales, mutuellistes, professionnelles et d’appuis engagés dans la<br>promotion de l’économie sociale et solidaire au Burundi,<br> Fortement préoccupées par la pauvreté croissante des populations burundaises ;<br> Confrontées aux écarts énormes qui ne cessent de se creuser entre les riches qui<br>s’enrichissent sans cesse et les pauvres qui se paupérisent davantage;<br> Confrontées à la montée des politiques néolibérales ouvertes ou déguisées promues à la fois<br>par certains Gouvernements et certains bailleurs de fonds internationaux en faveur des<br>populations plus aisées à l’instar des politiques d’appui aux filières agricoles commerciales,<br>aux seuls entrepreneurs ruraux, aux limites aux droits syndicaux et à la manipulation des<br>organisations paysannes d’une part ;<br> Confrontées d’autre part à de nombreuses politiques de gratuité qui créent une grave<br>dépendance du pays et des citoyens face à l’aide et qui développent chez eux un esprit<br>croissant de mendicité en lieu et place du culte de l’effort et de l’autopromotion ;<br> Etant donné que certaines organisations peuvent se déclarer d’économie sociale et solidaire<br>sans en connaître les principes, les valeurs et les pratiques et même en ternissent l’image ;<br> S’inspirant des principes universels de l’économie sociale et solidaire ;<br>Convenons de ce qui suit:<br></p>



<p>Article 1. L’économie sociale et solidaire se définit de la manière ci-après :<br>L’économie sociale et solidaire (ECOSOL) est un modèle économique fondé sur la solidarité et la mise<br>en commun des moyens pour générer des biens, des services et des avantages qui sont partagés en<br>fonction des transactions de chacun en vue de l’amélioration du bien-être social des membres et de<br>la communauté. Elle est également fondée sur des valeurs humaines et une organisation<br>démocratique qui défend les intérêts individuels et collectifs et permet ainsi la construction d’un<br>mouvement social.<br></p>



<p>Article 2. L’économie sociale et solidaire représente le meilleur modèle économique et social qui<br>permet d’assurer à notre pays un développement économique, social, humain, équitable et pérenne<br>et la présente charte qui régit à la fois nos organisations et nos interventions.<br>Article 3. Les principes ci-dessous régissent l’économie sociale et solidaire dans nos organisations:</p>



<ol class="wp-block-list">
<li>la création de la plus-value ;</li>



<li>la solidarité ;</li>



<li>la mise en réseaux et le développement d’un mouvement social ;</li>



<li>la démocratie ;</li>



<li>l’autonomie.<br>Article 4. La création de la plus-value est caractérisée par le développement des actions qui<br>intègrent à la fois les dimensions économique et sociale et une reconnaissance de la primauté du<br>travail et des services rendus dans l’affectation équitable des revenus qui garantissent aux membres<br>et aux employés une vie digne .<br>Par conséquent, nous encourageons le renforcement des bonnes pratiques suivantes :<br> la promotion du travail décent ;<br> la participation dans la constitution du capital ;<br> la réalisation des économies d’échelle ;<br> l’utilisation de techniques et technologies innovantes ;<br> la répartition équitable des avantages, des risques et des échecs ;<br> gestion rationnelle des ressources.<br>Par contre, nous décourageons:<br> toute forme de malversation et de corruption ;<br> la primauté des profits sur le service aux membres ;<br> la dégradation de l’environnement.<br>Article 5. La solidarité se caractérise par la participation effective, l’entraide et la mutualisation des<br>savoirs, des services, des moyens, des risques et des échecs dans l’intérêt des membres et de la<br>communauté.<br>Pour cela, nous encourageons les bonnes pratiques suivantes :<br> la structuration des mouvements de la base au sommet ;<br> la mutualisation des services ;<br> l’amélioration du bien-être social ;<br> la préoccupation de l’ensemble de la communauté ;<br> la centralité de l’humain et des valeurs humaines.<br>Par contre, nous décourageons :<br> la concurrence féroce et le cloisonnement ;<br> l’Individualisme et l’esprit de domination ;<br> la négligence de l’aspect social et le mauvais usage des biens communs ;<br> les rivalités et l’instrumentalisation.<br>Article 6. La mise en réseaux et en synergie vise le développement d’un mouvement social capable<br>de conduire des actions de plaidoyer pour le changement social.<br>De ce fait, nous encourageons les bonnes pratiques ci-après :<br> la promotion de la justice sociale ;<br> le développement des filets sociaux pour les nécessiteux ;<br> la défense des causes justes.<br>Et nous décourageons les pratiques suivantes :<br> le népotisme et le trafic d’influence ;<br> la discrimination sous toutes ses formes ;<br> l’intimidation sous toutes ses formes.<br>Article 7. La démocratie dans nos organisations est caractérisée par l’administration par les instances<br>élues démocratiquement avec des mandats limités et qui fonctionnent dans le respect de l’éthique,<br>des lois en vigueur dans le pays et des textes qui les régissent et intègrent des mécanismes<br>permettant de lutter contre la corruption et les malversations.<br>Ainsi, nous encourageons les bonnes pratiques ci-après:<br> la gestion participative;<br> le respect des lois et des textes réglementaires ;<br> la gestion saine et transparente.<br>A contrario, nous décourageons les mauvaises pratiques ci-après :<br> l’abus de pouvoir ;<br> l’engagement mitigé.<br>Article 8. L’autonomie signifie qu’une initiative d’économie sociale et solidaire compte<br>prioritairement sur ses propres forces et moyens à travers les contributions des membres, la<br>diversification des ressources et la constitution d’un fonds de réserve conséquent, tout en instaurant<br>une gestion rationnelle et professionnelle. Elle porte aussi sur l’indépendance vis-à-vis des courants<br>politiques et religieux ainsi que la capacité à gérer soi-même tous les aspects de son organisation.<br>Ce faisant, nous encourageons les bonnes pratiques ci-après :<br> la gestion libre et indépendante ;<br> la neutralité politique ;<br> la laïcité ;<br> le renforcement des capacités à différents niveaux ;<br> le recrutement du personnel compétent.<br>Et nous décourageons les mauvaises pratiques suivantes :<br> la subordination à un courant politique, idéologique ou religieux ;<br> inexistence de fonds propres ;<br> le recrutement d’un personnel incompétent ;<br> le laxisme dans la gestion des ressources.<br>Article 9. La présente charte est adoptée par les organisations initiatrices qui s’engagent à en faire<br>une référence dans leur mode de fonctionnement et en assurer la promotion, la mobilisation et<br>l’adhésion auprès d’autres organisations.<br>Article 10 : L’adhésion à la présente charte est ouverte à toute organisation qui s’engage d’en<br>respecter les dispositions.<br>Article 11 : La présente charte peut être révisée sur décision des 3/4 des organisations adhérentes à<br>la Charte</li>
</ol>

<p>CHARTE DES ORGANISATIONS BURUNDAISES ENGAGEES DANS L’ECONOMIE SOCIALE ET SOLIDAIRE Nous, organisations paysannes, syndicales, mutuellistes, professionnelles et d’appuis engagés dans[&#8230;]</p>
